 what is 11010 - 11010020?
-10222010
In base 3, what is 2 + -20220111122021?
-20220111122012
In base 14, what is 168b + 367?
1a14
In base 13, what is 8214 + -a7a?
7467
In base 6, what is 1055 - -13345214?
13350313
In base 16, what is -2f1 - -4641?
4350
In base 7, what is -5 + 321605010?
321605002
In base 16, what is -bff80 - 1?
-bff81
In base 4, what is -1 + 3030300200213?
3030300200212
In base 5, what is -10 + 13220144310?
13220144300
In base 10, what is 12877 + 3141?
16018
In base 11, what is 7 - 4981a204?
-4981a1a8
In base 9, what is -14042 + 1037?
-13004
In base 8, what is -33 - -115315156?
115315123
In base 11, what is -1359 + 12a759?
129400
In base 14, what is 1 - a22b3d?
-a22b3c
In base 13, what is 7ba - 79499?
-789ac
In base 7, what is 0 + 3462342113?
3462342113
In base 4, what is -13 + -30110202?
-30110221
In base 14, what is 2 - -b2a084?
b2a086
In base 16, what is -f2525 - 1c?
-f2541
In base 4, what is -2132330 + -23123?
-2222113
In base 3, what is 11 - -20212022000202122?
20212022000202210
In base 13, what is 3 + 230330b6?
230330b9
In base 9, what is 453320 - -324?
453644
In base 15, what is a + -219251?
-219246
In base 12, what is -5a5b03b + 1?
-5a5b03a
In base 7, what is 1253214 + -4310?
1245604
In base 9, what is -1800338 + 12?
-1800326
In base 13, what is -c58 - 27cb?
-3756
In base 9, what is 14 - 676076?
-676062
In base 4, what is 213201022320 + -10?
213201022310
In base 6, what is 3112454 - 10?
3112444
In base 7, what is -40205 + 10123?
-30052
In base 8, what is 157470172 - -3?
157470175
In base 6, what is 1 + -12004403?
-12004402
In base 13, what is 1 - 1086455?
-1086454
In base 16, what is -1b + 4fa1d?
4fa02
In base 3, what is -2 + 120220101101002200?
120220101101002121
In base 8, what is -4 - 11506603?
-11506607
In base 6, what is 14143 - 22104?
-3521
In base 3, what is -11112122102022 + 10?
-11112122102012
In base 16, what is -1a6a - -20d6?
66c
In base 13, what is 526cb + 16b?
52869
In base 15, what is 4c4162 + -e?
4c4153
In base 16, what is ca + 400?
4ca
In base 6, what is 41024053 + 111?
41024204
In base 3, what is 101211 + -10211001022122?
-10211000220211
In base 6, what is -10321 - -513115?
502354
In base 10, what is -1728196 + -117?
-1728313
In base 10, what is -2 - 11220524?
-11220526
In base 6, what is 1350351 - 3544?
1342403
In base 3, what is 2012 + -101211000012?
-101210221000
In base 11, what is 2 + -a504080?
-a504079
In base 11, what is 23a231 + -125?
23a107
In base 14, what is -485 - -9666?
91c1
In base 15, what is 440 - d0a3?
-cb63
In base 16, what is 7a88d9 + 3?
7a88dc
In base 11, what is 70218 + -2597?
68731
In base 10, what is 32 - 7043377?
-7043345
In base 7, what is 1106 + 51605?
53014
In base 16, what is 32600 - 1a?
325e6
In base 11, what is -106801a + -62?
-1068081
In base 4, what is -33 - -100201321?
100201222
In base 15, what is -1 - -3e496b4?
3e496b3
In base 8, what is 0 + -11152210?
-11152210
In base 2, what is -10001 - -100001010100000001101?
100001010011111111100
In base 9, what is 3185618273 - 1?
3185618272
In base 8, what is 11032 - -1322?
12354
In base 3, what is -11212121 + -220222?
-12210120
In base 5, what is -10023 + -21241?
-31314
In base 8, what is -15 + -44624572?
-44624607
In base 12, what is 139b17 - 129?
1399aa
In base 13, what is -2 - -1c4372?
1c4370
In base 11, what is -889 - -66759?
65980
In base 3, what is -10202122110 + 112202?
-10202002201
In base 4, what is -2201 - 12311330102?
-12311332303
In base 4, what is -112032220331 - 301?
-112032221232
In base 14, what is 2b393 - 6d4?
2aa9d
In base 6, what is -53 + -252405121?
-252405214
In base 7, what is 1015334265 + -13?
1015334252
In base 16, what is 34190e9 - 2?
34190e7
In base 9, what is -6204 + 8737?
2533
In base 14, what is 3445b8 - 14?
3445a4
In base 15, what is -b76b + -2e40?
-e6ab
In base 2, what is -100111 + 1011100011011100?
1011100010110101
In base 10, what is -248 - 2304?
-2552
In base 9, what is -447 - 4656?
-5214
In base 13, what is -15011 - -154b?
-13793
In base 7, what is 46652326 - -3?
46652332
In base 3, what is 21020021000202100 - -21?
21020021000202121
In base 7, what is 5 + -123613406?
-123613401
In base 5, what is -2 + 20211410004?
20211410002
In base 6, what is -125054 - -1134?
-123520
In base 3, what is -1000200 + 10112022122?
10111021222
In base 14, what is 2471 + -3db0?
-193d
In base 2, what is 10101010010011001111 - 11?
10101010010011001100
In base 10, what is 197417 - 95?
197322
In base 14, what is a1b - 3ac?
64d
In base 10, what is 14671865 + 13?
14671878
In base 7, what is 6 - -5105216?
5105225
In base 13, what is -57bba72 - -4?
-57bba6b
In base 6, what is 12242044 + 25?
12242113
In base 13, what is -10691c8c - 6?
-10691c95
In base 16, what is 48 + 764f5?
7653d
In base 2, what is 111110101001011 - -10100001?
111110111101100
In base 6, what is 112152420 - -5?
112152425
In base 7, what is 312 - -32140202?
32140514
In base 13, what is 26b3839a + -2?
26b38398
In base 6, what is 1 + 13315223?
13315224
In base 9, what is 31 - -14211044?
14211075
In base 7, what is 12203244 + 3?
12203250
In base 13, what is -5a679 - 5a?
-5a706
In base 8, what is -25 + 510001?
507754
In base 9, what is -1837033 - 67?
-1837111
In base 11, what is 28 + -67654?
-67627
In base 16, what is 1b + 2602?
261d
In base 13, what is a5b6 - -3022?
10608
In base 11, what is -44562 - 782?
-45234
In base 12, what is 8860 - 355?
8507
In base 11, what is 757 + 215675?
216321
In base 2, what is 11010 - -10010111001000101?
10010111001011111
In base 5, what is 332213210 - 1001?
332212204
In base 4, what is 201230 + 2211222?
3013112
In base 16, what is f9 - -86d?
966
In base 4, what is 102122000 + -1022?
102120312
In base 3, what is 10222000022102201 + 2?
10222000022102210
In base 11, what is -77 - -270093?
270017
In base 8, what is 2 + 74321001?
74321003
In base 2, what is -10011011000111011010111010 - 1111?
-10011011000111011011001001
In base 8, what is -521135 + -12170?
-533325
In base 3, what is -202221120020201 - -1?
-202221120020200
In base 2, what is 10000001011110100 + 1000111100?
10000010100110000
In base 16, what is 2 - -13e043?
13e045
In base 11, what is -38 - 24136022?
-2413605a
In base 13, what is 29 - -14655c?
146588
In base 5, what is -1301 - 14012?
-20313
In base 10, what is -56702 + 91?
-56611
In base 10, what is -16571 - 1106?
-17677
In base 4, what is 30001100120 - 1000?
30001033120
In base 3, what is -121002200021210 - -21?
-121002200021112
In base 14, what is -8d3163 + -4?
-8d3167
In base 3, what is -1101212212100 + -112?
-1101212212212
In base 10, what is -72 + 300544?
300472
In base 6, what is 22030240 + -15?
22030221
In base 11, what is 0 - -5606a533?
5606a533
In base 3, what is -101202000200112010 - 10?
-101202000200112020
In base 15, what is 4d + 128706?
128754
In base 12, what is -24a052 + -a?
-24a060
In base 13, what is -baa955 - -12?
-baa943
In base 7, what is -206662555 + 1?
-206662554
In base 16, what is 1 + 2bfa8bb?
2bfa8bc
In base 10, what is -1 - -40034317?
40034316
In base 5, what is -24 - -214030022?
214024443
In base 2, what is -1 - 100000111100101111100101100?
-100000111100101111100101101
In base 14, what is 55 - -25d51?
25da6
In base 10, what is 17550 + 15248?
32798
In base 7, what is -3 + -2525141116?
-2525141122
In base 14, what is 36 - -5627?
565d
In base 6, what is -12 + 1012005113?
1012005101
In base 4, what is 11 + 2203313110?
2203313121
In base 5, what is -1401030224 - -1?
-1401030223
In base 9, what is 2 + 30512244?
30512246
In base 14, what is 106491b + -7?
1064914
In base 8, what is 2754424 - 1?
2754423
In base 12, what is 5 + 12a3a0b4?
12a3a0b9
In base 12, what is 1411 + -2188?
-977
In base 9, what is -36247481 + 0?
-36247481
In base 11, what is 10309 + 14a2?
11800
In base 14, what is 113 - -1457c3?
1458d6
In base 4, what is -211333 - 20033?
-232032
In base 10, what is -28745 - 29?
-28774
In base 16, what is -169b + 15d?
-153e
In base 5, what is -310211121 - -2102?
-310204014
In base 4, what is 1300003 + 10302?
1310311
In base 2, what is 10110111001000111 + -1001?
10110111000111110
In base 14, what is -2b9 + -1dcd?
-22a8
In base 12, what is 1aa15449 + -3?
1aa15446
In base 13, what is 5c48a4 + -236?
5c466b
In base 10, what is 17 - -1397771?
1397788
In base 6, what is -5420132 - 35?
-5420211
In bas